2*s - 15. Give v(f).
3
Suppose 16*o - 3*o - 394 = -43. Let m(c) = c**3 - 25*c**2 - 52*c - 23. What is m(o)?
31
Let g(i) = 8*i - 32. Let w be g(6). Suppose -w = -5*j + 7*j. Let s(u) = -u - 4. What is s(j)?
4
Let d(v) be the second derivative of -v**4/12 + 4*v**3/3 + 15*v**2/2 + 31*v + 7. Determine d(12).
-33
Let s = 6 + -3. Let y(l) = -16*l**2 + 95*l + 6. Let o be y(6). Let k(p) = -5*p + 4 + 4*p + 0*p + o*p + 0*p. Give k(s).
1
Let c(n) = n**3 + 10*n**2 - 18*n - 3. Let y be (-110)/9 + (-17 - (-1705)/99). What is c(y)?
-75
Suppose -4*d = 2*u + u - 191, 0 = 4*u - 4*d - 236. Let z = 60 - u. Let q(f) = -10*f**3 + f**2. Determine q(z).
11
Let t(z) = -20*z**2 + 111*z + 26. Let x(n) = -2*n - 7*n**2 + 16*n + 20*n + 1 + 8 + 5*n. Let v(h) = -6*t(h) + 17*x(h). Let j = -4 + 10. What is v(j)?
15
Let w(a) = 6*a + 2. Let f be w(-2). Let o(i) be the third derivative of i**4/12 + 2*i**3 + i**2 + 14595. What is o(f)?
-8
Suppose 85*z + 330 = 100*z. Let g(p) = p**3 - 23*p**2 + 24*p - 50. Calculate g(z).
-6
Suppose -2*y - 13*t - 4 = -18*t, -4*y - 4*t + 20 = 0. Let k(p) = 203*p - 102*p - 3*p**3 - 102*p + y*p**2. Determine k(2).
-14
Let v(k) = -k**3 - 8*k**2 + 9. Suppose 687*s + 372 = 689*s. Let m = s + -194. Determine v(m).
9
Let w(n) = n**2 + 7*n + 3. Let j be (-5)/15*-12 + (-2 - 2). Suppose 13 = -3*i + i - b, -3*b - 9 = j. Determine w(i).
-7
Let m(v) = -v**3 + v**2 + 9*v - 6. Let r(o) = 3*o**2 - o - 1. Let d(c) = m(c) + 2*r(c). Suppose -3*g + 3 = 2*a - 1, -g = 3*a - 20. Determine d(a).
-16
Let m = 16035 - 16044. Let z(o) = 2*o**2 + 6*o + 1. What is z(m)?
109
Let f(k) = k**2 + 21*k + 86. Let i(d) = -15*d**3 + d**2 - d. Let o be i(1). Give f(o).
-4
Let t(c) be the first derivative of c**2 + 31*c + 397. Calculate t(0).
31
Let g be 20/8 - (-430)/40*2. Let h(b) = b**3 - 25*b**2 + 24*b - 30. Determine h(g).
-30
Suppose -3*v - 71 = -5*h + 84, -2*h + 46 = 2*v. Let c(o) = 17 - h + 15*o + 12. Give c(1).
16
Let t(r) = 2*r**2 + 4*r + 1. Suppose 2*g = 5*x - 18 - 25, 2*g + 2*x - 6 = 0. Give t(g).
17
Let j(y) = 2*y**2 + y - 1. Let n(g) = 2*g**3 + 16*g**2 + 10*g. Let z(i) = -5*j(i) + n(i). What is z(-4)?
-47
Let c(y) be the second derivative of y**7/840 + y**6/720 - 97*y**4/12 + 27*y + 1. Let q(n) be the third derivative of c(n). Give q(-2).
10
Let b(a) = -35*a + 68*a - 17*a + 1 - 32*a - 37*a. What is b(2)?
-105
Let f(m) = -18 + 67 - 13 - 3*m + 19 - 56. Suppose v - 4*w + 5 = -1, 4 = 3*v - w. Let y be -1 + -1 - (0 + v). Determine f(y).
11
Let k(a) be the second derivative of -a**4/12 - 7*a**3/6 - 10*a. Suppose -o = 2*v + 17, -20*v + 21*v - 3*o = 9. What is k(v)?
6
Let a(s) = 5*s**2 + s - 3. Let h be a(1). Let q(b) = -9*b**3 - 3 + 4 + 24*b**3 - 7*b**3 + 2*b**2 - 7*b**h + 2*b. Calculate q(-1).
0
Let v(h) = -5 - h**3 - h + h**2 - 5*h**2 + 5*h. Let d be 47/3 + (-4)/(-12). Suppose -25*c + d = -27*c - 3*z, -3*z - 6 = 0. What is v(c)?
0
Suppose 0 = -x - 4*d - 24, -23 = 4*x + 5*d + 106. Let h(q) = -13*q - 50. Let a be h(-7). Let m = x + a. Let o(i) = i**3 - 4*i**2 - 6*i + 3. Give o(m).
-2
Let d be -9*((-680)/(-30))/(-34). Let f(k) = -9*k**2 + 52*k - 1. Calculate f(d).
-13
Let p(j) = 2*j**3 + 3*j**2 - 4*j - 2. Let c be p(2). Let f = c - 15. Let g(h) = f + 3 - 3*h - h**3 + 3*h**2 - 4. Determine g(3).
-7
Let o(f) be the third derivative of -f**6/120 + f**5/6 + 5*f**4/12 + 19*f**3/6 + f**2 - 401*f. Determine o(11).
8
Let h(u) be the third derivative of -u**6/120 - u**4/6 - u**3/6 - 2*u**2 - 7. Suppose 2*s - q = -4*q - 21, -5*s = -q + 10. What is h(s)?
38
Let h(g) = -2*g - g + 0*g. Let i be (10/25)/(1/5) - 2. Let s be 15/6*((-44)/55 - i). Give h(s).
6
Let r = -81012 - -81015. Let a(i) = 2*i**3 + i**2 - 2. Let g be 7/(-2) + 2/4. Let p(s) = -s**3 + s**2 + 1. Let k(w) = g*p(w) - a(w). Calculate k(r).
-10
Let p(o) be the third derivative of -3*o**6/40 + 24*o**2 + 2*o. Let i be 3*(-4)/(-66) + 432/528. What is p(i)?
-9
Let d(z) be the second derivative of z**3 + 25*z**2/2 - 2*z + 25. What is d(-8)?
-23
Let z(q) be the third derivative of 1/4*q**4 + 5*q + 0 + 1/2*q**3 + 1/60*q**5 + 2*q**2. Determine z(-5).
-2
Let j(s) = 2*s. Let b = 139 - 195. Let m be (-6)/(-7)*b/(-12) - -2. Give j(m).
12
Let c(h) be the first derivative of h**6/180 - 7*h**5/60 + h**4/3 + 2*h**3/3 + 74*h + 195. Let s(o) be the third derivative of c(o). Give s(6).
-4
Let a = 51 - 114. Let n = -58 - a. Let m(z) = -z**3 + 6*z**2 - 3*z + 1. Determine m(n).
11
Let n be ((-1 - -4)*1 - 2) + 3. Let p(l) = l**2 + 2*l + 3. Let c be p(0). Let b(s) = -7 + 3 + s**3 - 2*s**3 - 5*s**2 + 3*s + 2*s**c. Determine b(n).
-8
Let g(i) be the third derivative of i**4/24 + 7*i**3 + 222*i**2. Calculate g(-18).
24
Let f(y) = 2*y**3 - 33*y**2 + 33*y - 847. Let m be f(17). Let o(k) = 0*k - 5*k + 4*k. What is o(m)?
-3
Let r = 2171 - 2180. Let j(u) = -u**3 - 10*u**2 - 12*u + 19. Calculate j(r).
46
Let g(f) = -f - 9 - 195050*f**2 + 97529*f**2 + 97526*f**2 - 3*f**3. What is g(3)?
-48
Suppose 280*o + 241*o + 237*o - 545*o + 639 = 0. Let x(j) be the first derivative of j**4/2 + 4*j**3/3 - 3*j**2/2 - 5*j + 1. Determine x(o).
-14
Let g(k) = -k**3 - 5*k**2 - 2*k + 2. Let y = 46 - 57. Let p = y - -16. Let n be (-1)/(-3)*3 + p/(-1). Give g(n).
-6
Let z(x) = x + 7. Let y be (-6412)/63 + (-14)/63. Let t be (-17)/y + (-61)/6. Calculate z(t).
-3
Let f be (1 + (-12)/6)*-5. Let t(b) = 0*b + 2 - f*b + 2. Determine t(6).
-26
Suppose 0 = 5*p + 4*n + 3 - 33, -n - 3 = -4*p. Suppose p*x - 4 = 2. Let a be (-12)/(((-4)/x)/(8/12)). Let s(z) = z**2 - 10*z + 8. Give s(a).
-16
Let y(b) = -219*b + 621. Let o(d) = 52*d - 155. Let m(z) = 17*o(z) + 4*y(z). Determine m(19).
1
Let u(y) = y**3 - 9*y**2 + 19*y + 10. Let o be u(4). Let n(l) = l**2 + 9*l + 2. Let s be n(-9). Let i(x) = -7 + 1 + 2*x + s - 1. Give i(o).
7
Let s(g) be the third derivative of -5*g**4/24 + 7*g**3/6 + 61*g**2. Let t = 391 - 384. What is s(t)?
-28
Let x = 2036 + -865. Let v(c) = 3*c - 4*c + x - 1177 - 3*c. Calculate v(-6).
18
Let l(w) = -3*w**3 - 8*w**2 + 4. Let n = -5827 + 5824. What is l(n)?
13
Let a(q) = -3*q**2 + 50*q - 36. Let y(g) = g**2 - 17*g + 12. Let j(o) = -6*a(o) - 17*y(o). Suppose d - 10 = -0*d. Calculate j(d).
2
Let j(b) = -7*b + 3. Let i(z) = 100*z - 9. Let d(o) = -i(o) - 6*j(o). Determine d(-2).
107
Let h be 2 - 1*(-2)/1. Let s(c) = -2*c. Suppose -3*z + 81 = -30*z. Let f(q) = -11*q - 3. Let r(t) = z*s(t) + f(t). What is r(h)?
-23
Let k(z) be the first derivative of 25*z + 0*z**3 + 1/4*z**4 + 1/2*z**2 + 79. Give k(0).
25
Let l(h) = h + 21. Let x be l(-6). Let m(t) = -104*t + x + 109*t - t**2 - 7. Determine m(5).
8
Let w(q) = -6*q - 10*q + 5 + 13*q - 20*q**2 + 33*q**2 - 17*q**2 - q**3. What is w(-5)?
45
Suppose o - 2 = -5*f + 3, -4*o = f - 96. Suppose -154*i - o = -159*i. Let z(p) = -4*p + 4. Determine z(i).
-16
Let o(s) = -s**2 - 8*s - 2. Suppose 1155 = -1047*p + 882*p. Calculate o(p).
5
Let b(z) = -z**2 + 2*z + 1. Let h(q) = 77*q - 56. Let n be h(12). Suppose 5*x = x - 3*k + 828, 0 = 5*x + 3*k - 1038. Let d be (-2)/15 + n/x. What is b(d)?
-7
Suppose -16*w = -2*w + 4046. Let a = w - -289. Let r(x) = 6*x**3 + x**2 - 6*x + 1. Let b(d) = -d**3 + d - 1. Let k(l) = 5*b(l) + r(l). Give k(a).
-4
Let v be 14/(-21)*6/(-2). Let t(y) = 96*y**2 + 2*y**3 - 2*y - 98*y**2 + 1 + v. Let m be (-8)/(-5) + (-2)/(-5). Determine t(m).
7
Let y be (-36)/810*468 + -1*1/5. Let p(a) = 2*a**3 + 44*a**2 + 41*a - 31. Give p(y).
-10
Let z(q) = 0*q**2 + q**2 + 4*q + 8 + 5*q. Let n = 359 + -595. Let l be (-8)/60 - n/(-30). Calculate z(l).
0
Let v(t) = 26*t**2 - 2287*t - 102. Let g be v(88). Let n(w) = -3*w**2 + 13*w - 6. Let u(h) = -2*h**2 + 13*h - 6. Let j(f) = 3*n(f) - 4*u(f). Give j(g).
-8
Let s(t) = 42*t - 20*t - 6 + t**2 - t - 15*t. Suppose -1 = 2*d + 13. Calculate s(d).
1
Let l be (20 - 28) + 72/6. Let u(i) = i**3 - 5*i**2 + 10*i - 4. Determine u(l).
20
Let u(m) be the first derivative of -2*m**3/3 + m**2 + m + 19720. Let t(x) = x + 2. Let v be t(-3). Give u(v).
-3
Let n be (60/(-36))/((35/(-378))/(-1)). Let s(u) = -17*u - 318. What is s(n)?
-12
Let k(m) = 12 + 13*m**2 - 504*m**3 + 29*m + 1036*m**3 - 533*m**3. Calculate k(15).
-3
Suppose 0 = 4*m - 2*z - 74, 2*m - 35 = 2*z - 3*z. Suppose -3*l = -6*l + m. Let j(y) = 2*y - 3. Give j(l).
9
Let i be (-1)/((-9)/(-162)) + 7. Let a(s) = 11*s + 126. What is a(i)?
5
Let g(z) be the third d